 Calculate o(2).
23
Let a(b) = b**2 - b - 18. What is a(-5)?
12
Let q(l) = l**2 + 163*l + 5706. Determine q(-51).
-6
Let r(v) = -v**2 + 41*v - 31. Calculate r(16).
369
Let v(z) = -82*z + 1452. Calculate v(18).
-24
Let r(j) = -18*j**2 + 112*j + 9. Give r(6).
33
Let c(u) = -4*u**3 + 428*u**2 + 4*u - 430. What is c(107)?
-2
Let r(w) = -w**2 + 11*w + 144. Determine r(19).
-8
Let m(h) = -2*h**2 + 6*h + 21. Calculate m(-2).
1
Let y(n) = -7*n**2 + 53*n - 62. Determine y(6).
4
Let z(c) = c**2 - 30*c + 4. Determine z(22).
-172
Let j(y) = y**3 - 57*y**2 - 380*y + 105. Calculate j(63).
-21
Let q(c) = c**3 + 2*c**2 - 11*c + 694. What is q(-10)?
4
Let x(l) = -7*l + 633. Calculate x(-3).
654
Let d(y) = y**2 - 36*y - 141. Give d(31).
-296
Let b(r) = -51*r**2 + 2629*r - 1422. What is b(51)?
6
Let b(i) = -50*i**3 - 3*i**2 - 15*i - 15. Determine b(-2).
403
Let z(t) = t**2 + 432*t + 10935. Calculate z(-27).
0
Let c(k) = -k**3 + 6*k**2 + 4039*k - 20216. What is c(5)?
4
Let y(d) = 16*d**2 + 536*d - 7. Calculate y(-34).
265
Let k(y) = 6*y**2 + 45*y - 309. Determine k(7).
300
Let j(l) = 26*l + 518. Calculate j(-11).
232
Let k(j) = j**3 + 38*j**2 + 90*j - 528. Calculate k(-35).
-3
Let f(n) = -18*n**2 - 45*n - 87. What is f(-2)?
-69
Let r(k) = -42*k + 444. Calculate r(9).
66
Let a(d) = -28*d - 1857. Give a(-64).
-65
Let q(z) = -39*z + 3191. Give q(82).
-7
Let t(b) = 25*b - 2756. What is t(110)?
-6
Let f(h) = -926*h**2 - 5562*h - 24. What is f(-6)?
12
Let j(k) = 2*k**3 - 6*k**2 - 8*k - 39. Determine j(-5).
-399
Let v(q) = 2*q**3 + q**2 + q - 17. Give v(2).
5
Let i(k) = -52*k - 527. Determine i(-10).
-7
Let z(k) = 31*k + 724. Give z(-35).
-361
Let s(n) = -n**3 - 93*n**2 - 178*n + 362. Calculate s(-91).
-2
Let o(z) = -z**2 - 24*z - 142. Calculate o(-10).
-2
Let y(l) = 22*l - 1038. Calculate y(41).
-136
Let w(y) = 2*y**2 + 3*y - 38. What is w(-15)?
367
Let u(i) = 41*i - 2572. Give u(64).
52
Let g(i) = -i**2 - 32*i + 654. Calculate g(14).
10
Let g(w) = 639*w + 5094. Calculate g(-8).
-18
Let f(j) = 4*j**3 + 1013*j**2 + 275*j + 5571. What is f(-253)?
5
Let h(u) = 78*u - 164. What is h(2)?
-8
Let z(f) = f**3 - 9*f**2 - f - 1. Determine z(9).
-10
Let r(g) = -g**2 + 36*g + 155. Give r(40).
-5
Let r(k) = 5*k**2 - 46*k - 7. Give r(8).
-55
Let o(x) = x**2 + 5*x - 371. Give o(18).
43
Let u(p) = -20*p**3 - 5*p**2 + 4*p + 10. What is u(-3)?
493
Let w(n) = 4*n**3 - 456*n**2 - 2*n + 242. Give w(114).
14
Let g(h) = 132*h + 36. Give g(0).
36
Let y(j) = -j**3 - 21*j**2 + 25*j + 54. What is y(-22)?
-12
Let b(k) = 1417*k - 4243. What is b(3)?
8
Let i(p) = p**2 - 18*p - 280. Give i(0).
-280
Let n(w) = -8*w**2 + 650*w + 4943. What is n(-7)?
1
Let n(l) = 24813*l - 148884. Calculate n(6).
-6
Let u(c) = -1009*c - 31260. Calculate u(-31).
19
Let g(a) = -a**2 + 46*a - 397. What is g(34)?
11
Let l(i) = -1057*i + 16904. Give l(16).
-8
Let q(t) = -t**2 - 8*t + 168. Give q(9).
15
Let v(i) = i**3 - 4*i**2 - 355*i + 14. What is v(-17)?
-20
Let z(q) = 40*q + 142. Give z(-4).
-18
Let d(n) = -n**3 - 7*n**2 - 19*n - 330. Give d(-9).
3
Let u(h) = -6*h**3 - 201*h**2 - 287*h - 10. Calculate u(-32).
-42
Let n(s) = -376*s + 2631. Calculate n(7).
-1
Let l(q) = -q**2 + 119*q - 475. Calculate l(4).
-15
Let q(z) = z**3 + 6*z**2 - 54*z - 296. Determine q(-5).
-1
Let l(m) = m - 121. What is l(-25)?
-146
Let u(c) = 25*c - 932. Determine u(39).
43
Let g(t) = -208*t**2 + 8530*t - 89. What is g(41)?
-7
Let g(f) = f**3 - 74*f**2 + 282*f - 134. Determine g(70).
6
Let b(v) = v**3 - 53*v**2 - 166*v - 112. Calculate b(56).
0
Let t(d) = -47*d - 514. Determine t(-16).
238
Let v(i) = 5*i**2 + 37*i + 64. Determine v(-3).
-2
Let g(y) = 15*y**3 - 8*y**2 - 3*y + 1. Calculate g(1).
5
Let v(n) = -11*n**2 + 14*n + 4. Calculate v(0).
4
Let m(v) = v**2 - 17*v - 22. Give m(11).
-88
Let m(v) = 912*v - 23763. Determine m(26).
-51
Let w(y) = -7*y**2 - 685*y - 4503. Determine w(-7).
-51
Let x(f) = -72*f + 119. What is x(2)?
-25
Let h(z) = -65*z**2 + 29*z + 16. What is h(-2)?
-302
Let h(w) = -w**2 + 4*w - 8. Give h(9).
-53
Let b(w) = -3*w + 214. Determine b(10).
184
Let f(i) = 3*i**2 + 61*i - 208. Give f(-23).
-24
Let o(q) = -96*q - 434. What is o(-5)?
46
Let b(u) = -5*u + 79. Calculate b(17).
-6
Let v(x) = 15*x**2 + 21*x - 27. Calculate v(1).
9
Let o(j) = -j**3 - 17*j**2 + 35*j - 76. Calculate o(-19).
-19
Let h(k) = -7*k**3 + 22*k**2 - 15*k + 31. Determine h(3).
-5
Let v(b) = -b**3 - 6*b**2 + 17*b + 55. Determine v(-6).
-47
Let c(m) = -m**2 - 32*m + 530. Give c(-44).
2
Let g(f) = -72*f - 1936. Determine g(-26).
-64
Let m(a) = a**3 - 28*a**2 + 142*a - 617. Give m(23).
4
Let t(s) = 845*s**2 - 65*s + 65. Determine t(1).
845
Let q(t) = 21*t**2 + 8*t - 20. Determine q(2).
80
Let p(f) = -47*f - 40. Calculate p(-7).
289
Let k(x) = x**3 + 20*x**2 + 114*x + 276. Calculate k(-8).
132
Let s(k) = 79*k + 1133. Give s(-19).
-368
Let v(w) = 21*w + 143. Calculate v(-7).
-4
Let z(v) = 4*v**3 - 16*v**2 + 31*v - 12. Calculate z(2).
18
Let l(i) = -i**2 - 3293*i - 29553. Give l(-9).
3
Let x(s) = 2*s**3 - 118*s**2 - 245*s + 73. Determine x(61).
12
Let w(a) = -14*a**3 + 33*a**2 - 4*a + 2. Calculate w(4).
-382
Let o(i) = -4874*i - 24374. Give o(-5).
-4
Let s(a) = a**3 + 2*a**2 - 7*a - 9. Determine s(6).
237
Let z(j) = -12*j + 782. What is z(65)?
2
Let n(i) = 2*i**3 - 42*i**2 + 3*i - 26. Give n(21).
37
Let s(h) = 157*h + 1724. What is s(-11)?
-3
Let w(r) = 2*r**2 + 597*r - 4269. What is w(7)?
8
Let m(d) = -225*d + 717. What is m(3)?
42
Let z(m) = m**3 + 5*m**2 - 3*m - 24. Calculate z(-6).
-42
Let v(p) = 6*p**2 - 48*p - 46. Determine v(8).
-46
Let s(a) = 223*a - 3855. Determine s(17).
-64
Let j(d) = -179*d - 3670. What is j(-20)?
-90
Let u(b) = -145*b + 2998. Determine u(21).
-47
Let k(n) = -126*n - 147. Determine k(0).
-147
Let r(n) = -47*n - 105. What is r(3)?
-246
Let o(t) = 2*t**3 - 89*t**2 - 123*t + 199. Determine o(46).
889
Let j(i) = -375*i - 8618. What is j(-23)?
7
Let i(z) = -438*z + 5697. Calculate i(13).
3
Let s(b) = -9*b + 256. Calculate s(-6).
310
Let m(b) = b**2 - 35*b + 229. Give m(11).
-35
Let m(p) = -3*p**2 - 24*p - 2. Calculate m(-5).
43
Let c(f) = 12*f**3 + 139*f**2 - 60*f - 4. Calculate c(-12).
-4
Let c(n) = -8*n**2 - 20*n + 130. Calculate c(3).
-2
Let o(a) = a**2 - 85*a + 473. Calculate o(6).
-1
Let s(l) = -l**2 - 2947*l - 35214. What is s(-12)?
6
Let k(z) = -2*z + 1. What is k(9)?
-17
Let z(s) = -s**3 - 15*s**2 - 56*s - 29. Determine z(-4).
19
Let j(o) = -360*o + 1426. What is j(4)?
-14
Let m(d) = d**3 - 3*d**2 - 41*d + 24. Calculate m(-8).
-352
Let c(y) = -17*y**2 + 298*y - 152. Calculate c(17).
1
Let z(t) = t**3 + 75*t**2 - 400*t. What is z(-80)?
0
Let z(g) = -g**3 + 60*g**2 - 270*g - 279. What is z(55)?
-4
Let s(w) = 17*w**2 + 27*w + 48. Give s(-6).
498
Let c(g) = -12*g**2 + 11*g - 5. Determine c(-5).
-360
Let v(d) = -d**3 + 28*d**2 - 29*d + 238. Calculate v(27).
184
Let p(h) = 2*h**3 + 77*h**2 + 362*h - 93. Give p(-33).
-60
Let l(d) = -d**3 + 5*d**2 - 13*d + 3. Determine l(5).
-62
Let k(t) = 4*t + 345. Determine k(-87).
-3
Let v(l) = -44*l - 2393. Determine v(-55).
27
Let g(o) = -4*o**3 + 14*o**2 + 116*o - 357. Give g(3).
9
Let r(u) = -u**3 - 23*u**2 - 76*u + 4. Give r(-19).
4
Let j(p) = -19*p**2 + 219*p - 306. What is j(10)?
-16
Let d(q) = 8*q**2 + 175*q - 2. Calculate d(0).
-2
Let a(g) = g**2 + 7*g - 36. What is a(-15)?
84
Let r(a) = 2*a**3 + 22*a**2 - 39*a - 424. Determine r(-11).
5
Let p(k) = k**2 - 59*k + 877. What is p(33)?
19
Let b(j) = j**3 + 31*j**2 - 226*j - 144. Determine b(-37).
4
Let m(s) = -3*s**2 + 44*s - 104. Give m(9).
49
Let i(x) = -3*x**3 + 41*x**2 - 45*x + 4. Give i(1).
-3
Let x(d) = -3*d - 141. Determine x(-16).
-93
Let a(k) = -211*k**2 - 8862*k - 31. Give a(-42).
-31
Let k(d) = d**3 - 57*d**2 - 296*d + 56. Give k(-5).
-14
Let n(d) = -d**3 - 11*d**2 + 68*d - 83. What is n(3)?
-5
Let y(f) = 6*f**2 - 89*f + 305. Calculate y(9).
-10
Let o(a) = -2*a**2 - 103*a + 2209. Give o(-68).
-35
Let w(g) = -3*g + 193. Give w(80).
-47
Let i(w) = -9*w**2 - 26*w + 22. Give i(-4).
-18
Let j(h) = h**3 - 4*h**2 + 6*h - 23. Determine j(4).
1
Let c(d) = -7*d - 27. Give c(-9).
36
Let o(u) = u**2 + 86*u + 1640. Give o(-58).
16
Let v(d) = 2142*d - 30017. Give v(14).
-29
Let m(h) = 52*h**2 + 184*h + 540. Determine m(-3).
456
Let w(k) = k**2 - 1